umber?
True
Is 562577 prime?
True
Is 55834 prime?
False
Is 22693 a composite number?
True
Is 6521 a prime number?
True
Is 186607 prime?
False
Is 37295 a composite number?
True
Is 10063 a prime number?
False
Is 32749 a prime number?
True
Is 16501 prime?
False
Is 30079 a prime number?
False
Is 4393 composite?
True
Is 46439 composite?
False
Is 22318 prime?
False
Is 169457 prime?
True
Is 1062023 a composite number?
True
Is 222493 prime?
True
Is 24737 composite?
True
Is 7669 a prime number?
True
Is 202967 a prime number?
True
Is 1724219 prime?
False
Is 768445 a composite number?
True
Is 1464461 a composite number?
False
Is 3431 prime?
False
Is 45921 a prime number?
False
Is 15641 composite?
False
Is 26653 a prime number?
False
Is 218029 composite?
True
Is 5981 prime?
True
Is 1042527 a composite number?
True
Is 171343 a composite number?
True
Is 103007 prime?
True
Is 2231 a composite number?
True
Is 1655 prime?
False
Is 39665 prime?
False
Is 9577 a composite number?
True
Is 38149 prime?
True
Is 8792515 prime?
False
Is 319885 composite?
True
Is 1067293 a prime number?
True
Is 8161 prime?
True
Is 409 a prime number?
True
Is 15919 a prime number?
True
Is 197641 composite?
False
Is 2503 prime?
True
Is 28869 composite?
True
Is 104971 a composite number?
False
Is 12461 a prime number?
False
Is 46369 prime?
False
Is 5114 a composite number?
True
Is 5147 composite?
False
Is 8009 a composite number?
False
Is 7901 prime?
True
Is 671 a composite number?
True
Is 503017 composite?
False
Is 59333 composite?
False
Is 411287 a prime number?
True
Is 9239 prime?
True
Is 63559 composite?
False
Is 175103 a prime number?
True
Is 54319 prime?
True
Is 21703 composite?
True
Is 39541 a composite number?
False
Is 159785 composite?
True
Is 16945 a composite number?
True
Is 36779 a composite number?
False
Is 2490107 a composite number?
True
Is 619601 a composite number?
True
Is 635011 composite?
True
Is 241673 prime?
False
Is 28387 a composite number?
False
Is 124847 prime?
True
Is 557 composite?
False
Is 200351 composite?
False
Is 4009 a composite number?
True
Is 34739 prime?
True
Is 13639 a composite number?
True
Is 37757 a prime number?
False
Is 74029 a composite number?
True
Is 5507 a prime number?
True
Is 82083 composite?
True
Is 43007 composite?
True
Is 92921 prime?
True
Is 322397 a composite number?
False
Is 1413851 composite?
False
Is 74721 prime?
False
Is 23117 a prime number?
True
Is 102205 a prime number?
False
Is 19 prime?
True
Is 32251 composite?
False
Is 111997 a prime number?
True
Is 27026 a composite number?
True
Is 8899 a composite number?
True
Is 11299 composite?
False
Is 176186 prime?
False
Is 1371979 prime?
False
Is 1067 a composite number?
True
Is 59051 a prime number?
True
Is 68963 prime?
True
Is 37951 prime?
True
Is 379777 prime?
True
Is 11467 a composite number?
False
Is 440023 a composite number?
False
Is 49853 prime?
True
Is 908471 a composite number?
False
Is 38149 a prime number?
True
Is 24841 prime?
True
Is 330601 a prime number?
False
Is 13666 prime?
False
Is 93779 composite?
True
Is 100003 prime?
True
Is 41962 a prime number?
False
Is 289889 prime?
True
Is 231347 composite?
False
Is 5833 a prime number?
False
Is 17527 a composite number?
True
Is 80329 a prime number?
True
Is 1096267 a prime number?
True
Is 379273 prime?
True
Is 179717 composite?
False
Is 533633 a prime number?
True
Is 196111 a prime number?
True
Is 454 composite?
True
Is 51259 composite?
True
Is 2025671 a prime number?
True
Is 75209 a composite number?
False
Is 3093899 a prime number?
True
Is 44627 a prime number?
False
Is 10247 composite?
False
Is 25657 prime?
True
Is 21943 prime?
True
Is 1082615 a composite number?
True
Is 123001 composite?
False
Is 2433109 a prime number?
False
Is 272837 prime?
False
Is 342187 a prime number?
True
Is 3349 a prime number?
False
Is 2218187 prime?
False
Is 673133 composite?
True
Is 3027 composite?
True
Is 147427 a composite number?
True
Is 9647 a composite number?
True
Is 420851 a prime number?
True
Is 2809 a composite number?
True
Is 1361 a prime number?
True
Is 134171 composite?
False
Is 337189 prime?
True
Is 981187 a composite number?
False
Is 5833 composite?
True
Is 16795 a prime number?
False
Is 2099 a prime number?
True
Is 28115 a prime number?
False
Is 606007 prime?
False
Is 55579 prime?
True
Is 40141 composite?
True
Is 2747639 a prime number?
True
Is 34739 composite?
False
Is 9613 a composite number?
False
Is 2284946 composite?
True
Is 13829 composite?
False
Is 5981 a prime number?
True
Is 19238 composite?
True
Is 5779 composite?
False
Is 33895 a prime number?
False
Is 194309 a composite number?
False
Is 3251 composite?
False
Is 8611 prime?
False
Is 398591 composite?
False
Is 33249 prime?
False
Is 287758 composite?
True
Is 328139 a composite number?
True
Is 113915 a composite number?
True
Is 32707 prime?
True
Is 10427 composite?
False
Is 117781 a prime number?
False
Is 1159 a prime number?
False
Is 225901 a prime number?
False
Is 49273 a composite number?
True
Is 3802 a prime number?
False
Is 528646 prime?
False
Is 5033 a composite number?
True
Is 120343 a composite number?
True
Is 55855 a composite number?
True
Is 3106 prime?
False
Is 289 composite?
True
Is 50357 prime?
False
Is 30727 a composite number?
False
Is 19831 a prime number?
False
Is 20477 a composite number?
False
Is 20483 a prime number?
True
Is 201413 prime?
True
Is 34991 a prime number?
False
Is 220351 composite?
False
Is 12373 a prime number?
True
Is 189307 a prime number?
True
Is 69769 a prime number?
False
Is 117449 a prime number?
False
Is 8053 a prime number?
True
Is 6761 prime?
True
Is 55801 a composite number?
True
Is 134327 a prime number?
True
Is 59569 composite?
True
Is 117965 a prime number?
False
Is 95131 composite?
False
Is 111821 composite?
False
Is 1272409 composite?
False
Is 1432339 a prime number?
False
Is 2363 prime?
False
Is 114313 composite?
True
Is 882359 a composite number?
False
Is 599539 prime?
False
Is 190549 a prime number?
False
Is 1072378 a prime number?
False
Is 1535 a composite number?
True
Is 68683 a prime number?
True
Is 44351 a prime number?
True
Is 298853 prime?
True
Is 272063 a composite number?
True
Is 21377 prime?
True
Is 98517 composite?
True
Is 4874 prime?
False
Is 420439 a prime number?
True
Is 1347 a composite number?
True
Is 1464647 prime?
False
Is 4489 a composite number?
True
Is 59951 a prime number?
True
Is 1369483 a composite number?
False
Is 9743 prime?
True
Is 426073 composite?
False
Is 1901 a composite number?
False
Is 786001 a prime number?
True
Is 6121 a composite number?
False
Is 979 prime?
False
Is 39659 a composite number?
False
Is 5557 a composite number?
False
Is 269153 a composite number?
True
Is 70351 composite?
False
Is 479287 a prime number?
True
Is 24593 prime?
True
Is 14351 a composite number?
True
Is 359143 a prime number?
True
Is 731 a prime number?
False
Is 17011 composite?
False
Is 41747 prime?
False
Is 1969147 composite?
False
Is 23515 prime?
False
Is 85105 prime?
False
Is 57823 a prime number?
False
Is 111143 a prime number?
True
Is 33131 a composite number?
True
Is 5737 prime?
True
Is 3274 a prime number?
False
Is 2647 a prime number?
True
Is 51451 composite?
True
Is 105991 a prime number?
False
Is 43661 prime?
True
Is 81893 prime?
False
Is 26891 composite?
False
Is 376022 composite?
True
Is 2173 prime?
False
Is 391 prime?
False
Is 2443 composite?
True
Is 1672013 composite?
True
Is 31957 a prime number?
True
Is 19349 composite?
True
Is 22669 prime?
True
Is 438431 composite?
True
Is 3491 a prime number?
True
Is 432539 composite?
False
Is 3271 a prime number?
True
Is 17933 composite?
True
Is 468581 a composite number?
False
Is 1015393 prime?
False
Is 21101 prime?
True
Is 2002459 a composite number?
False
Is 1977 prime?
False
Is 55871 prime?
True
Is 66103 prime?
True
Is 303731 a composite number?
False
Is 10121 a prime number?
False
Is 2657 a prime number?
True
Is 1081 prime?
False
Is 44413 prime?
False
Is 55889 a composite number?
False
Is 1022693 composite?
True
Is 523707 composite?
True
Is 6101 composite?
False
Is 145361 a composite number?
False
Is 1801 a composite number?
False
Is 1843 prime?
False
Is 1116205 a composite number?
True
Is 1172527 a composite number?
True
Is 404819 composite?
False
Is 